{"id":790,"date":"2024-04-15T16:16:14","date_gmt":"2024-04-15T16:16:14","guid":{"rendered":"https:\/\/www.riocasinoallende.com\/wordpress\/?page_id=790"},"modified":"2026-02-05T19:25:00","modified_gmt":"2026-02-05T19:25:00","slug":"tyc-rio-wallet","status":"publish","type":"page","link":"https:\/\/www.riocasinoallende.com\/wordpress\/tyc-rio-wallet\/","title":{"rendered":"Rio Wallet &#8211; T\u00e9rminos y Condiciones"},"content":{"rendered":"\n<p>Bienvenidos al servicio de Rio Wallet (\u201cRio Wallet\u201d). Antes de utilizar nuestros servicios, lea atentamente los T\u00e9rminos y Condiciones (\u201cT&amp;C\u201d), los cuales se erigen como un contrato entre \u201cEL CLIENTE\u201d y \u201cCENTRO DE ENTRETENIMIENTO DEL RIO\u201d en adelante \u201cEL OPERADOR\u201c, junto con cualquier otra pol\u00edtica o aviso en las aplicaciones m\u00f3viles de Rio Wallet, y nuestras Pol\u00edticas de Privacidad de Rio Wallet. En su conjunto, estos documentos contienen t\u00e9rminos, reglas y pautas relacionadas con el uso de Rio Wallet. Estos T&amp;C describen los usos aprobados de Rio Wallet y ayudan a proveer un servicio de calidad y excelencia.<\/p>\n\n\n\n<ol><li><strong>ACEPTACI\u00d3N DE T\u00c9RMINOS Y CONDICIONES<\/strong><\/li><\/ol>\n\n\n\n<p>\u201cEL CLIENTE\u201d al aceptar estos T&amp;C confirma el conocimiento y comprensi\u00f3n de los mismos. Si tiene alguna consulta o duda con respecto a estos T&amp;C, puede enviarnos un email a la siguiente direcci\u00f3n: <a href=\"mailto:riowallet@riocasinoallende.com\">riowallet@riocasinoallende.com<\/a> . En el caso de que no est\u00e9 de acuerdo con lo aqu\u00ed estipulado, deber\u00eda considerar no usar nuestro servicio.<\/p>\n\n\n\n<p>Al crear una billetera \u201cEL CLIENTE\u201d reconoce que ha le\u00eddo, entendido y aceptado estos T&amp;C, as\u00ed como las Pol\u00edticas de Privacidad adjuntas. Nos reservamos el derecho de cambiar estos T&amp;C en cualquier momento. Cualquier cambio de este tipo con respecto a su uso de Rio Wallet entrar\u00e1 en vigencia inmediatamente cuando se publique en nuestra aplicaci\u00f3n m\u00f3vil, lo cual le ser\u00e1 notificado a \u201cEL CLIENTE\u201d. El uso continuo de Rio Wallet despu\u00e9s de cualquier cambio significar\u00e1 que acepta estar sujeto a los T&amp;C vigentes en ese momento.<\/p>\n\n\n\n<ol start=\"2\"><li><strong>CRITERIOS DE ELEGIBILIDAD<\/strong><\/li><\/ol>\n\n\n\n<p>Para ser elegible para usar Rio Wallet, debe ser mayor de edad y poseer la capacidad de celebrar contratos legalmente vinculantes. \u201cEL CLIENTE\u201d Solo puede usar nuestro servicio en el caso que lo permitan las leyes de su jurisdicci\u00f3n. Aseg\u00farese de que estos T&amp;C cumplan con todas las leyes, normas y reglamentos que se aplican a \u201cEL CLIENTE\u201d. Al usar Rio Wallet, declara y garantiza que cumple con todos los requisitos de elegibilidad que se describen en estos T&amp;C. Sin embargo, \u201cEL OPERADOR\u201d podr\u00e1 negar que ciertas personas accedan o usen Rio Wallet y nos reservamos el derecho de cambiar nuestros criterios de elegibilidad en cualquier momento.<\/p>\n\n\n\n<ol start=\"3\"><li><strong>NUESTRO SERVICIO<\/strong><ol><li>Estos T&amp;C se aplican al uso del servicio de Rio Wallet, mediante el cual es posible realizar compras, pagos y disponer del dinero de la tarjeta cargada en la aplicaci\u00f3n cada vez que se lo utilice.<\/li><li>Para usar la aplicaci\u00f3n Rio Wallet es necesario que \u201cEL CLIENTE\u201d cree una cuenta (\u201cCuenta\u201d) que implica determinar un usuario y una contrase\u00f1a. Se le requerir\u00e1 una direcci\u00f3n de email y\/o un n\u00famero de tel\u00e9fono con el fin de poder realizar la verificaci\u00f3n de su identidad y proteger su cuenta. De esta forma, la persona que crea la cuenta en Rio Wallet, habi\u00e9ndose verificado sus datos, se convierte en titular de la cuenta y usuario del servicio (\u201cUsuario\u201d), a quien se le otorgar\u00e1 la licencia de uso detallada abajo.<\/li><li>Para usar nuestro servicio, ser\u00e1 necesario que \u201cEL CLIENTE\u201d cuente con hardware y software compatibles (se recomienda la \u00faltima versi\u00f3n y, a veces, se requiere) y acceso a Internet (pueden aplicarse tarifas por el proveedor de internet). El rendimiento de nuestro Servicio puede verse afectado por estos factores, sin que ello sea atribuible a \u201cEL OPERADOR\u201d.<\/li><li>\u201cEl Operador\u201d no cobra por la creaci\u00f3n de una cuenta en Rio Wallet, ni por su mantenimiento, pero trabajamos con terceras partes que podr\u00edan generar un costo: es el caso de la pasarela de pagos. En consecuencia, en el caso de generarse cualquier tipo de cargo y\/o comisi\u00f3n de uso del servicio, \u00e9ste est\u00e1 estricta y exclusivamente vinculado a la pasarela de pagos o proveedor de pagos electr\u00f3nicos y no depende de \u201cEL OPERADOR\u201d.<\/li><\/ol><\/li><\/ol>\n\n\n\n<ol start=\"4\"><li><strong>REGISTRO Y CREACI\u00d3N DE CUENTA EN <\/strong><strong>Rio Wallet<\/strong><\/li><\/ol>\n\n\n\n<p>Como se mencion\u00f3 m\u00e1s arriba, para acceder al uso de Rio Wallet, ser\u00e1 necesario generar una cuenta con nombre de usuario y contrase\u00f1a. \u201cEL CLIENTE \u201cser\u00e1 responsable de mantener la confidencialidad de su contrase\u00f1a privada, y ser\u00e1 completamente responsable de todas y cada una de las actividades que ocurran en su cuenta. \u201cEL CLIENTE\u201d acepta notificar a \u201cEL OPERADOR\u201d de forma inmediata sobre cualquier uso no autorizado de su contrase\u00f1a, cuenta o cualquier otra violaci\u00f3n de la seguridad. \u201cEL OPERADOR\u201d No ser\u00e1 responsable de p\u00e9rdida, o da\u00f1o que surja con el incumplimiento de este p\u00e1rrafo. Cuando \u201cEL CLIENTE\u201d crea una cuenta en Rio Wallet, se le recomienda encarecidamente que tome precauciones para evitar la p\u00e9rdida de acceso y\/o control sobre la misma. Las medidas sugeridas incluyen, entre otras, las siguientes: (a) crear una contrase\u00f1a segura que no use para ning\u00fan otro sitio web o servicio en l\u00ednea; (b) limitar el acceso a los dispositivos en los que se encuentre la aplicaci\u00f3n de Rio Wallet; (c) notificar a \u201cEL OPERADOR\u201d de inmediato si descubre o sospecha de alguna violaci\u00f3n de seguridad relacionada con su cuenta de Rio Wallet.<\/p>\n\n\n\n<ol start=\"5\"><li><strong>PROPIEDAD INTELECTUAL<\/strong><\/li><\/ol>\n\n\n\n<p>Rio Wallet contiene material protegido por derechos de autor y marcas comerciales que incluyen, entre otros, texto y gr\u00e1ficos, que est\u00e1n protegidos por la ley de derechos de autor, marcas comerciales registradas y no registradas y otros derechos de propiedad intelectual. A menos que se indique lo contrario, el desarrollador de esta aplicaci\u00f3n y\/o compa\u00f1\u00edas de su grupo de empresas, son propietarios exclusivos del contenido antes descripto. El uso del servicio que \u201cEL OPERAODR\u201d ofrece, no le otorga ning\u00fan derecho, t\u00edtulo o inter\u00e9s en el contenido de la aplicaci\u00f3n. \u201cEL CLIENTE\u201d acepta que no copiar\u00e1, transmitir\u00e1, distribuir\u00e1, vender\u00e1, otorgar\u00e1 licencias, crear\u00e1 trabajos derivados o, de ninguna otra manera, explotar\u00e1 el contenido de Rio Wallet, ni parcial ni totalmente.<\/p>\n\n\n\n<ol start=\"6\"><li><strong>LICENCIA DE USO<\/strong><\/li><\/ol>\n\n\n\n<p>Al ser Usuario de Rio Wallet, le otorgamos una licencia limitada, personal, no comercial, no exclusiva, intransferible y revocable para usar la aplicaci\u00f3n. Al utilizar nuestro servicio, le pedimos a \u201cEL CLIENTE\u201d que siga algunas reglas b\u00e1sicas: \u201cEL CLIENTE\u201d No deber\u00e1 utilizar el presente servicio para infringir la ley. \u201cEL CLIENTE\u201d acepta que no violar\u00e1 ninguna ley al usar el servicio. Esto incluye cualquier ley municipal, estatal, federal, nacional o internacional que pueda aplicarse. \u201cEL CLIENTE\u201d acepta que no utilizar\u00e1 nuestro servicio para pagar, apoyar o participar en actividades ilegales, incluidas, entre otras, apuestas ilegales, fraude, lavado de dinero o actividades terroristas. Si \u201cEL OPERADOR\u201c descubre que, \u201cEL CLIENTE\u201d ha violado estos T&amp;C u otros requisitos reglamentarios, incluidos, entre otros, a realizar operaciones con recursos de procedencia il\u00edcita o al financiar actividades terroristas, se proceder\u00e1 a cerrar su cuenta de manera inmediata y se tomar\u00e1n las medidas legales a que hubiere lugar. Adem\u00e1s, \u201cEL CLIENTE\u201d acepta no alentar, ni inducir a ning\u00fan tercero a participar en ninguna de las actividades prohibidas en esta Secci\u00f3n, ni interferir con el uso de los servicios por parte de otros. \u201cEL CLIENTE\u201d acepta que no usar\u00e1, ni intentar\u00e1 usar, una cuenta de Rio Wallet perteneciente a otro Usuario sin autorizaci\u00f3n, ni usar\u00e1 nuestro servicio de ninguna manera que pueda interferir, interrumpir, afectar negativamente o impedir que otros usuarios disfruten plenamente de ella. No intente da\u00f1ar nuestro sistema. \u201cEL CLIENTE\u201d acepta no distribuir ning\u00fan virus u otro c\u00f3digo inform\u00e1tico da\u00f1ino a trav\u00e9s de Rio Wallet. \u201cEL CLIENTE\u201d acepta no tomar ninguna medida que pueda imponer una carga irrazonable o desproporcionadamente grande en nuestra infraestructura o en cualquiera de nuestros proveedores externos. No intente eludir nuestra seguridad. \u201cEL CLIENTE\u201d acepta no eludir o intentar eludir cualquier medida que podamos usar para evitar o restringir el acceso a los servicios, incluidas, entre otras, otras cuentas, sistemas inform\u00e1ticos o redes conectadas al servicio. Cualquier uso de Rio Wallet que no sea el espec\u00edficamente autorizado en estos T&amp;C, sin permiso previo por escrito, est\u00e1 estrictamente prohibido y rescindir\u00e1 su licencia para usar Rio Wallet de manera inmediata y sin necesidad de previo aviso.<\/p>\n\n\n\n<ol start=\"7\"><li><strong>DATOS PERSONALES<\/strong><ol><li>Si \u201cEL CLIENTE\u201d es un Usuario que accede o utiliza nuestros servicios desde una regi\u00f3n con leyes o reglamentos que rigen la recopilaci\u00f3n, el uso y la divulgaci\u00f3n de datos personales que difieren de las leyes locales, tenga en cuenta que no recopilamos ni procesamos sus datos personales, excepto lo dispuesto en nuestra Pol\u00edtica de privacidad.<\/li><li>Consentimiento para el uso de datos: Rio Wallet, acepta que \u201cEl Operador\u201d puede recopilar y usar datos t\u00e9cnicos e informaci\u00f3n relacionada, incluida, entre otros, informaci\u00f3n t\u00e9cnica sobre su dispositivo, sistema y software de aplicaci\u00f3n y perif\u00e9ricos, que se recopila peri\u00f3dicamente para facilitar la provisi\u00f3n de actualizaciones de software, soporte de productos y otros servicios para \u201cEL CLIENTE\u201d relacionados con la aplicaci\u00f3n con licencia. \u201cEL OPERADOR\u201d Podr\u00e1 usar esta informaci\u00f3n, siempre que est\u00e9 en una forma que no lo identifique personalmente, para mejorar sus productos o para brindarle servicios o tecnolog\u00edas.<\/li><\/ol><\/li><\/ol>\n\n\n\n<ol start=\"8\"><li><strong>L\u00cdMITE DE RESPONSABILIDAD<\/strong><ol><li>Apelando a la buena fe y a la l\u00f3gica de la prestaci\u00f3n del servicio de Rio Wallet, \u201cEL CLIENTE\u201d manifiesta comprender y aceptar que Operador no tiene control ni obligaci\u00f3n de tomar ninguna medida con respecto a: fallas, interrupciones, errores o demoras de los medios de pago introducidos en Rio Wallet; fallas de hardware, software y conexiones a Internet; el caso de que terceros obtengan acceso no autorizado a la informaci\u00f3n almacenada en su Cuenta, incluidos, entre otros, el nombre de usuario y la contrase\u00f1a privada. \u201cEL CLIENTE\u201d libera de toda responsabilidad a \u201cEL OPERADOR\u201d relacionada con cualquier p\u00e9rdida, da\u00f1o o reclamo que surja de: (a) error del usuario, como contrase\u00f1as olvidadas y\/o transacciones construidas incorrectamente; (b) falla del servidor o p\u00e9rdida de datos; (c) acceso no autorizado a la aplicaci\u00f3n Rio Wallet; (d) fallas u otros errores en el software Rio Wallet; y (e) cualquier actividad de terceros no autorizada, incluido, entre otros, el uso de virus, phishing, fuerza bruta u otros medios de ataque contra Rio Wallet. \u201cEL OPERADOR\u201d No es responsables por ning\u00fan contenido de terceros al que se acceda a trav\u00e9s de nuestro servicio. Cualquier otro t\u00e9rmino, condici\u00f3n, garant\u00eda o representaci\u00f3n asociada con dicho contenido es \u00fanicamente entre \u201cEL CLIENTE\u201d y dichas organizaciones y\/o individuos.<\/li><li>Rio Wallet tiene la opci\u00f3n de a\u00f1adir una pasarela de pago, que puede pertenecer a uno o m\u00e1s proveedores. Dicho servicio no generar\u00e1 responsabilidad alguna a \u201cEL OPERADOR\u201d<\/li><\/ol><\/li><\/ol>\n\n\n\n<ol><li>En la medida en que no lo proh\u00edba la ley, en ning\u00fan caso \u201cEL OPERADOR\u201d ser\u00e1 responsable por lesiones personales o cualquier da\u00f1o incidental, especial, indirecto o consecuente, incluyendo, sin limitaci\u00f3n, da\u00f1os por p\u00e9rdida de beneficios, corrupci\u00f3n o p\u00e9rdida de datos, falta de transmitir o recibir cualquier dato (incluyendo, entre otros, instrucciones de curso, asignaciones y materiales), interrupci\u00f3n del negocio o cualquier otro da\u00f1o o p\u00e9rdida comercial, que surja o est\u00e9 relacionado con su uso o la incapacidad para usar la aplicaci\u00f3n con licencia, cualquiera que sea causado, independientemente de la teor\u00eda de la responsabilidad (contrato, agravio u otro) e incluso si el usuario ha sido advertido de la posibilidad de dichos da\u00f1os. algunas jurisdicciones no permiten la exclusi\u00f3n o limitaci\u00f3n de responsabilidad por lesiones personales o da\u00f1os incidentales o consecuentes, por lo que esta limitaci\u00f3n puede no aplicar en su caso.<\/li><\/ol>\n\n\n\n<ol start=\"9\"><li><strong>GARANT\u00cdA. EXENCI\u00d3N DE RESPONSABILIDAD<\/strong><\/li><\/ol>\n\n\n\n<p>Rio Wallet Rio Walletse proporciona sin garant\u00eda de ning\u00fan tipo. en la medida m\u00e1xima permitida por la ley, renunciamos a todas las representaciones y garant\u00edas, expresas o impl\u00edcitas, relacionadas con los servicios y el software subyacente o cualquier contenido de los servicios, ya sea proporcionado o propiedad de \u201cel operador\u201d o de cualquier tercero, incluyendo, sin limitaci\u00f3n, las garant\u00edas de comerciabilidad, idoneidad para un fin determinado, t\u00edtulo, no violaci\u00f3n, libertad de virus inform\u00e1ticos y cualquier garant\u00eda impl\u00edcita derivada del curso de negociaci\u00f3n, curso de rendimiento o uso en el comercio, todas las cuales est\u00e1n expresamente renunciadas. adem\u00e1s, no representamos ni garantizamos que el contenido accesible a trav\u00e9s de los servicios sea exacto, completo, disponible, actual, libre de virus u otros componentes da\u00f1inos, o que los resultados del uso de los servicios cumplir\u00e1n con sus requisitos. algunos estados no permiten la exenci\u00f3n de responsabilidad de garant\u00edas impl\u00edcitas, por lo que las exenciones anteriores pueden no ser aplicables a usted. este p\u00e1rrafo le otorga derechos legales espec\u00edficos y usted tambi\u00e9n puede tener otros derechos legales que var\u00edan de estado a estado.<\/p>\n\n\n\n<ol start=\"10\"><li><strong>M\u00c9TODOS DE PAGO<\/strong><\/li><\/ol>\n\n\n\n<p>Rio Wallet, ofrece m\u00e9todos diferentes para hacer un dep\u00f3sito o un retiro correspondiente al equivalente en moneda nacional de los puntos de su cuenta.<\/p>\n\n\n\n<p>\u201cEL CLIENTE\u201d, al registrar una tarjeta de d\u00e9bito o de cr\u00e9dito, debe asegurarse que utiliza su propia tarjeta.<\/p>\n\n\n\n<p>\u201cEL CLIENTE\u201d pueden retirar fondos de su cuenta en cualquier momento siempre y cuando la prestaci\u00f3n de todos los pagos haya sido confirmada, y se hubieran satisfecho los procedimientos de identificaci\u00f3n.<\/p>\n\n\n\n<p>Se denomina Contracargo a la solicitud de reverso de aquellos cargos que se realizan a una tarjeta de cr\u00e9dito, o d\u00e9bito, y que no son reconocidos por el titular. En caso de que detecte un cargo no reconocido, este deber\u00e1 ser atendido directamente con su banco emisor para notificar que no reconoce un cargo en su tarjeta, En ese momento, el banco emisor del tarjetahabiente env\u00eda la solicitud de contracargo al agregador de pagos, pasarela de pagos, o adquirente contratado por Rio Wallet. As\u00ed mismo \u201cEL CLIENTE\u201d se compromete a notificar a Rio Wallet mediante correo electr\u00f3nico sobre el cargo no reconocido.<\/p>\n\n\n\n<p>\u201cEL CLIENTE\u201d acepta que \u201cEL OPERADOR\u201d tendr\u00e1 el derecho de retener cualquier retiro, en el caso necesario y\/o que se sospeche si \u201cEL CLIENTE\u201d puede estar involucrado o ha estado involucrado en actividades fraudulentas, colusorias, ilegales. En tales casos, podremos comenzar y \/ o participar y \/ o asistir a cualquier investigaci\u00f3n acerca de tales circunstancias, y usted acepta ayudar y cooperar con cualquier investigaci\u00f3n.<\/p>\n\n\n\n<p>\u201cEL OPERADOR\u201d atender\u00e1 su solicitud en relaci\u00f3n con la forma de pago. Esto, sin embargo, no se puede garantizar. Por lo tanto, podremos proceder a pagar sus Retiros con un m\u00e9todo de pago diferente a la solicitada por \u201cEL CLIENTE\u201d, como por ejemplo a trav\u00e9s de diferentes proveedores de pago, un giro bancario o transferencia bancaria.<\/p>\n\n\n\n<p>\u201cEL CLIENTE\u201d acepta que las transacciones financieras en la cuenta se manejaran a trav\u00e9s de un proveedor de pagos o cualquier otro tercero.<\/p>\n\n\n\n<p>\u201cEL CLIENTE\u201d acepta que la informaci\u00f3n de los m\u00e9todos de pago que registre, tales como datos de tarjetas, nombres, fechas de expiraci\u00f3n, n\u00fameros de cuenta, o cualquier otra informaci\u00f3n similar, ser\u00e1 manejada por un proveedor de pagos externo debidamente certificado para este fin y que \u201cEL OPERADOR\u201d no conservar\u00e1 informaci\u00f3n sensible.<\/p>\n\n\n\n<p>Los dep\u00f3sitos y retiros se pueden transferir de \u201cEL OPERADOR\u201d a \u201cEL CLIENTE\u201d y viceversa, ya sea directamente o a trav\u00e9s de un proveedor de pago sujeto, sin embargo, \u201cEL OPERADOR\u201d no garantiza que no habr\u00e1 ning\u00fan retraso en el procesamiento o la recepci\u00f3n de dep\u00f3sitos o retiros.<\/p>\n\n\n\n<p>\u201cEL CLIENTE\u201d reconoce y acepta que su cuenta de juego no es una cuenta bancaria y por lo tanto no est\u00e1 asegurada, garantizada, patrocinada o protegida de otra manera por ning\u00fan sistema de seguros de dep\u00f3sitos o bancario o por cualquier otro sistema similar de seguros de cualquier otra jurisdicci\u00f3n, incluyendo, pero no limitado a su jurisdicci\u00f3n local.<\/p>\n\n\n\n<p>\u201cEL OPERADOR\u201d Tendr\u00e1 derecho a determinar las cantidades m\u00ednimas y m\u00e1ximas que se depositar\u00e1 en la cuenta de \u201cEl cliente\u201d.<\/p>\n\n\n\n<p>\u201cEL OPERADOR\u201d Tendr\u00e1 derecho a determinar si los fondos que ha solicitado \u201cEL CLIENTE\u201d se acrediten a su cuenta, est\u00e1n disponibles, despu\u00e9s de recibir confirmaci\u00f3n aceptable para \u201cEL OPERADOR\u201d por parte del Proveedor de Pagos pertinente, de conformidad con los procedimientos de aprobaci\u00f3n de tal Proveedor de Pagos para que tales transacciones hayan sido conciliado y aprobado. Solamente cuando sus Dep\u00f3sitos hayan sido conciliados y aprobados a nuestra satisfacci\u00f3n por el proveedor de pago correspondiente, su cuenta ser\u00e1 acreditada con los fondos, a menos que se indique otra.<\/p>\n\n\n\n<p>\u201cEL CLIENTE\u201d reconoce que es posible que, de vez en cuando, a solicitud de \u201cEL OPERADOR\u201d, deber\u00e1 proporcionar detalles adicionales con respecto a los dep\u00f3sitos realizados por \u201cEL CLIENTE\u201d.<\/p>\n\n\n\n<p>\u201cEl cliente\u201d para poder hacer uso de los Servicios, deber\u00e1 depositar fondos en su cuenta de jugador desde una cuenta bancaria o fuente de la que sea titular. Luego podr\u00e1 utilizar dichos fondos para participar en juegos mediante el uso de sus puntos. En caso de que utilice un medio de pago del que no sea el titular, nos reservamos el derecho de invalidar cualquier dep\u00f3sito que se haya hecho en la cuenta (as\u00ed como de anular cualquier ganancia obtenida haciendo uso de dicho dep\u00f3sito), hasta haber finalizado con \u00e9xito las comprobaciones pertinentes.<\/p>\n\n\n\n<ol start=\"11\"><li><strong>INDEMNIDAD<\/strong><\/li><\/ol>\n\n\n\n<p>En la medida en que lo permita la ley aplicable, \u201dEL CLIENTE\u201c acepta defender, indemnizar y eximir de responsabilidad al Operador frente a cualquier reclamo, da\u00f1o, obligaci\u00f3n, p\u00e9rdida, responsabilidad, costo o deuda, y gastos (incluidos, entre otros, , honorarios de abogados) derivados de: (a) el uso y acceso a los servicios; (b) cualquier comentario o env\u00edo que nos proporcione con respecto a Rio Wallet; (c) la violaci\u00f3n de cualquiera de estos T&amp;C; o (d) la violaci\u00f3n de cualquier ley, regla o regulaci\u00f3n, o los derechos de cualquier tercero.<\/p>\n\n\n\n<ol start=\"11\"><li><strong>INTERRUPCI\u00d3N DE SERVICIOS<\/strong><\/li><\/ol>\n\n\n\n<p>\u201cEl Operador\u201d puede, a su exclusivo criterio y sin costo para \u201cEL CLIENTE\u201d, con o sin previo aviso, y en cualquier momento, modificar o interrumpir, temporal o permanentemente, cualquier parte de su servicio.<\/p>\n\n\n\n<ol start=\"11\"><li><strong>VIGENCIA<\/strong><\/li><\/ol>\n\n\n\n<p>Estos T&amp;C ser\u00e1n aplicables y se mantendr\u00e1n vigentes desde la apertura de la Cuenta de \u201cEL CLIENTE\u201d en Rio Wallet y hasta el d\u00eda en que decida dar de baja la cuenta.<\/p>\n\n\n\n<ol start=\"11\"><li><strong>CESI\u00d3N<\/strong><\/li><\/ol>\n\n\n\n<p>\u201cEL CLIENTE\u201d acepta que podemos ceder cualquiera de nuestros derechos y\/o transferir, subcontratar o delegar cualquiera de nuestras obligaciones en virtud de estos T&amp;C. El compromiso con estos T&amp;C es personal para \u201cEL CLIENTE\u201d y no podr\u00e1 transferirlos, ni asignarlos a ning\u00fan tercero.<\/p>\n\n\n\n<ol start=\"11\"><li><strong>FUERZA MAYOR<\/strong><\/li><\/ol>\n\n\n\n<p>\u201cEL OPERADOR\u201d No ser\u00e1 responsable por ning\u00fan retraso, falla en el desempe\u00f1o o interrupci\u00f3n del servicio que resulte directa o indirectamente de cualquier causa o condici\u00f3n fuera de nuestro control razonable, que incluye, entre otros: cualquier retraso o falla debido a un acto de Dios, acto de autoridades civiles o militares, acto de terrorismo, disturbios civiles, guerra, huelga u otro conflicto laboral, incendio, interrupci\u00f3n en las telecomunicaciones o servicios de Internet o servicios del proveedor de red, falla del equipo y\/o software, otra cat\u00e1strofe o cualquier otra que sea de fuerza mayor, y no afectar\u00e1 la validez y aplicabilidad de las disposiciones restantes.<\/p>\n\n\n\n<ol start=\"11\"><li><strong>LEY APLICABLE<\/strong><\/li><\/ol>\n\n\n\n<p>Independientemente de su ubicaci\u00f3n geogr\u00e1fica, las leyes de M\u00e9xico regir\u00e1n estos T&amp;C y la relaci\u00f3n de las partes. Si alguna disposici\u00f3n de estos T&amp;C es inconsistente con cualquier ley aplicable, esas disposiciones ser\u00e1n reemplazadas o modificadas solo en la medida en que dichas disposiciones sean inconsistentes. Las partes acuerdan someterse a los tribunales federales o estatales de la Ciudad de M\u00e9xico, para la jurisdicci\u00f3n exclusiva de cualquier disputa que surja o est\u00e9 relacionada con su uso de los servicios o su incumplimiento de estos T&amp;C. Usted renuncia a cualquier objeci\u00f3n basada en la falta de jurisdicci\u00f3n personal, lugar de residencia, lugar inadecuado o forum non conveniens en dicha acci\u00f3n.<\/p>\n\n\n\n<p><\/p>\n","protected":false},"excerpt":{"rendered":"<p>Bienvenidos al servicio de Rio Wallet (\u201cRio Wallet\u201d). Antes de utilizar nuestros servicios, lea atentamente los T\u00e9rminos y Condiciones (\u201cT&amp;C\u201d), los cuales se erigen como un contrato entre \u201cEL CLIENTE\u201d y \u201cCENTRO DE ENTRETENIMIENTO DEL RIO\u201d en adelante \u201cEL OPERADOR\u201c, junto con cualquier otra pol\u00edtica o aviso en las aplicaciones m\u00f3viles de Rio Wallet, y [&hellip;]<\/p>\n","protected":false},"author":1,"featured_media":0,"parent":0,"menu_order":0,"comment_status":"closed","ping_status":"closed","template":"","meta":[],"_links":{"self":[{"href":"https:\/\/www.riocasinoallende.com\/wordpress\/wp-json\/wp\/v2\/pages\/790"}],"collection":[{"href":"https:\/\/www.riocasinoallende.com\/wordpress\/wp-json\/wp\/v2\/pages"}],"about":[{"href":"https:\/\/www.riocasinoallende.com\/wordpress\/wp-json\/wp\/v2\/types\/page"}],"author":[{"embeddable":true,"href":"https:\/\/www.riocasinoallende.com\/wordpress\/wp-json\/wp\/v2\/users\/1"}],"replies":[{"embeddable":true,"href":"https:\/\/www.riocasinoallende.com\/wordpress\/wp-json\/wp\/v2\/comments?post=790"}],"version-history":[{"count":2,"href":"https:\/\/www.riocasinoallende.com\/wordpress\/wp-json\/wp\/v2\/pages\/790\/revisions"}],"predecessor-version":[{"id":811,"href":"https:\/\/www.riocasinoallende.com\/wordpress\/wp-json\/wp\/v2\/pages\/790\/revisions\/811"}],"wp:attachment":[{"href":"https:\/\/www.riocasinoallende.com\/wordpress\/wp-json\/wp\/v2\/media?parent=790"}],"curies":[{"name":"wp","href":"https:\/\/api.w.org\/{rel}","templated":true}]}}